{"id":1491,"date":"2022-04-15T12:02:30","date_gmt":"2022-04-15T10:02:30","guid":{"rendered":"https:\/\/joederfilm.com\/note-legali\/"},"modified":"2022-11-28T17:30:07","modified_gmt":"2022-11-28T16:30:07","slug":"note-legali","status":"publish","type":"page","link":"https:\/\/joederfilm.com\/it\/note-legali\/","title":{"rendered":"Note legali"},"content":{"rendered":"\t\t<div data-elementor-type=\"wp-page\" data-elementor-id=\"1491\" class=\"elementor elementor-1491 elementor-131\" data-elementor-post-type=\"page\">\n\t\t\t\t\t\t<section class=\"elementor-section elementor-top-section elementor-element elementor-element-0078535 elementor-section-boxed elementor-section-height-default elementor-section-height-default\" data-id=\"0078535\" data-element_type=\"section\">\n\t\t\t\t\t\t<div class=\"elementor-container elementor-column-gap-default\">\n\t\t\t\t\t<div class=\"elementor-column elementor-col-100 elementor-top-column elementor-element elementor-element-b743719\" data-id=\"b743719\" data-element_type=\"column\">\n\t\t\t<div class=\"elementor-widget-wrap elementor-element-populated\">\n\t\t\t\t\t\t<div class=\"elementor-element elementor-element-bbe1d28 elementor-widget elementor-widget-text-editor\" data-id=\"bbe1d28\" data-element_type=\"widget\" data-widget_type=\"text-editor.default\">\n\t\t\t\t<div class=\"elementor-widget-container\">\n\t\t\t\t\t\t\t\t\t<strong>Mediaart Production Coop<\/strong><br>\r\nMarkus Frings<br>\r\nVia Dante 28, 39100 Bolzano, Alto Adige &#8211; Italia<br>\r\n<br>\r\nP.Iva: 00765890215<br>\r\n<br>\r\n<strong>Editing online:<\/strong><br>\r\nIdeazione, design, realizzazione e webmaster: <a href=\"https:\/\/freiundzeit.it\">Frei &amp; Zeit, Brixen<\/a><br>\r\n<br>\r\n<strong>Contenuti:<br>\r\n<\/strong>Le informazioni fornite in questa pagina hanno lo scopo di fornire una prima informazione, che non \u00e8 vincolante n\u00e9 per l&#8217;utente n\u00e9 per Mediaart Production Coop. Per informazioni vincolanti, contattare i rispettivi fornitori.<br>\r\nTutti i contenuti del sito web sono compilati con cura e aggiornati a intervalli regolari. Tuttavia, possono verificarsi errori (ad esempio, guasti tecnici, falsificazioni da parte di terzi non autorizzati). Mediaart Production Coop non si assume pertanto alcuna responsabilit\u00e0 per l&#8217;esattezza, la completezza e l&#8217;attualit\u00e0 dei contenuti forniti dai rispettivi fornitori.\t\t\t\t\t\t\t\t<\/div>\n\t\t\t\t<\/div>\n\t\t\t\t\t<\/div>\n\t\t<\/div>\n\t\t\t\t\t<\/div>\n\t\t<\/section>\n\t\t\t\t<\/div>\n\t\t","protected":false},"excerpt":{"rendered":"<p>Mediaart Production Coop Markus Frings Via Dante 28, 39100 Bolzano, Alto Adige &#8211; Italia P.Iva: 00765890215 Editing online: Ideazione, design, realizzazione e webmaster: Frei &amp; Zeit, Brixen Contenuti: Le informazioni fornite in questa pagina hanno lo scopo di fornire una prima informazione, che non \u00e8 vincolante n\u00e9 per l&#8217;utente n\u00e9 per Mediaart Production Coop. Per [&hellip;]<\/p>\n","protected":false},"author":1,"featured_media":1402,"parent":0,"menu_order":0,"comment_status":"closed","ping_status":"closed","template":"","meta":{"_acf_changed":false,"footnotes":""},"class_list":["post-1491","page","type-page","status-publish","has-post-thumbnail","hentry"],"acf":[],"yoast_head":"<!-- This site is optimized with the Yoast SEO plugin v25.7 - https:\/\/yoast.com\/wordpress\/plugins\/seo\/ -->\n<title>Note legali - Joe der Film<\/title>\n<meta name=\"robots\" content=\"index, follow, max-snippet:-1, max-image-preview:large, max-video-preview:-1\" \/>\n<link rel=\"canonical\" href=\"https:\/\/joederfilm.com\/impressum\/\" \/>\n<meta property=\"og:locale\" content=\"it_IT\" \/>\n<meta property=\"og:type\" content=\"article\" \/>\n<meta property=\"og:title\" content=\"Note legali - Joe der Film\" \/>\n<meta property=\"og:description\" content=\"Mediaart Production Coop Markus Frings Via Dante 28, 39100 Bolzano, Alto Adige &#8211; Italia P.Iva: 00765890215 Editing online: Ideazione, design, realizzazione e webmaster: Frei &amp; Zeit, Brixen Contenuti: Le informazioni fornite in questa pagina hanno lo scopo di fornire una prima informazione, che non \u00e8 vincolante n\u00e9 per l&#8217;utente n\u00e9 per Mediaart Production Coop. Per [&hellip;]\" \/>\n<meta property=\"og:url\" content=\"https:\/\/joederfilm.com\/impressum\/\" \/>\n<meta property=\"og:site_name\" content=\"Joe der Film\" \/>\n<meta property=\"article:modified_time\" content=\"2022-11-28T16:30:07+00:00\" \/>\n<meta property=\"og:image\" content=\"https:\/\/joederfilm.com\/wp-content\/uploads\/2022\/04\/0K2A0731.jpg\" \/>\n\t<meta property=\"og:image:width\" content=\"1920\" \/>\n\t<meta property=\"og:image:height\" content=\"1280\" \/>\n\t<meta property=\"og:image:type\" content=\"image\/jpeg\" \/>\n<meta name=\"twitter:card\" content=\"summary_large_image\" \/>\n<meta name=\"twitter:label1\" content=\"Tempo di lettura stimato\" \/>\n\t<meta name=\"twitter:data1\" content=\"1 minuto\" \/>\n<script type=\"application\/ld+json\" class=\"yoast-schema-graph\">{\"@context\":\"https:\/\/schema.org\",\"@graph\":[{\"@type\":\"WebPage\",\"@id\":\"https:\/\/joederfilm.com\/impressum\/\",\"url\":\"https:\/\/joederfilm.com\/impressum\/\",\"name\":\"Note legali - Joe der Film\",\"isPartOf\":{\"@id\":\"https:\/\/joederfilm.com\/#website\"},\"primaryImageOfPage\":{\"@id\":\"https:\/\/joederfilm.com\/impressum\/#primaryimage\"},\"image\":{\"@id\":\"https:\/\/joederfilm.com\/impressum\/#primaryimage\"},\"thumbnailUrl\":\"https:\/\/joederfilm.com\/wp-content\/uploads\/2022\/04\/0K2A0731.jpg\",\"datePublished\":\"2022-04-15T10:02:30+00:00\",\"dateModified\":\"2022-11-28T16:30:07+00:00\",\"breadcrumb\":{\"@id\":\"https:\/\/joederfilm.com\/impressum\/#breadcrumb\"},\"inLanguage\":\"it-IT\",\"potentialAction\":[{\"@type\":\"ReadAction\",\"target\":[\"https:\/\/joederfilm.com\/impressum\/\"]}]},{\"@type\":\"ImageObject\",\"inLanguage\":\"it-IT\",\"@id\":\"https:\/\/joederfilm.com\/impressum\/#primaryimage\",\"url\":\"https:\/\/joederfilm.com\/wp-content\/uploads\/2022\/04\/0K2A0731.jpg\",\"contentUrl\":\"https:\/\/joederfilm.com\/wp-content\/uploads\/2022\/04\/0K2A0731.jpg\",\"width\":1920,\"height\":1280},{\"@type\":\"BreadcrumbList\",\"@id\":\"https:\/\/joederfilm.com\/impressum\/#breadcrumb\",\"itemListElement\":[{\"@type\":\"ListItem\",\"position\":1,\"name\":\"Startseite\",\"item\":\"https:\/\/joederfilm.com\/\"},{\"@type\":\"ListItem\",\"position\":2,\"name\":\"Note legali\"}]},{\"@type\":\"WebSite\",\"@id\":\"https:\/\/joederfilm.com\/#website\",\"url\":\"https:\/\/joederfilm.com\/\",\"name\":\"Joe der Film\",\"description\":\"Darauf haben zahlreiche Fans in S\u00fcdtirol gewartet! Joe von Afing goes cinema!\",\"publisher\":{\"@id\":\"https:\/\/joederfilm.com\/#organization\"},\"potentialAction\":[{\"@type\":\"SearchAction\",\"target\":{\"@type\":\"EntryPoint\",\"urlTemplate\":\"https:\/\/joederfilm.com\/?s={search_term_string}\"},\"query-input\":{\"@type\":\"PropertyValueSpecification\",\"valueRequired\":true,\"valueName\":\"search_term_string\"}}],\"inLanguage\":\"it-IT\"},{\"@type\":\"Organization\",\"@id\":\"https:\/\/joederfilm.com\/#organization\",\"name\":\"Joe der Film\",\"url\":\"https:\/\/joederfilm.com\/\",\"logo\":{\"@type\":\"ImageObject\",\"inLanguage\":\"it-IT\",\"@id\":\"https:\/\/joederfilm.com\/#\/schema\/logo\/image\/\",\"url\":\"https:\/\/joederfilm.com\/wp-content\/uploads\/2022\/04\/JOE_Logo_Zeichenfla\u0308che-1-Kopie-8.png\",\"contentUrl\":\"https:\/\/joederfilm.com\/wp-content\/uploads\/2022\/04\/JOE_Logo_Zeichenfla\u0308che-1-Kopie-8.png\",\"width\":1522,\"height\":1302,\"caption\":\"Joe der Film\"},\"image\":{\"@id\":\"https:\/\/joederfilm.com\/#\/schema\/logo\/image\/\"}}]}<\/script>\n<!-- \/ Yoast SEO plugin. -->","yoast_head_json":{"title":"Note legali - Joe der Film","robots":{"index":"index","follow":"follow","max-snippet":"max-snippet:-1","max-image-preview":"max-image-preview:large","max-video-preview":"max-video-preview:-1"},"canonical":"https:\/\/joederfilm.com\/impressum\/","og_locale":"it_IT","og_type":"article","og_title":"Note legali - Joe der Film","og_description":"Mediaart Production Coop Markus Frings Via Dante 28, 39100 Bolzano, Alto Adige &#8211; Italia P.Iva: 00765890215 Editing online: Ideazione, design, realizzazione e webmaster: Frei &amp; Zeit, Brixen Contenuti: Le informazioni fornite in questa pagina hanno lo scopo di fornire una prima informazione, che non \u00e8 vincolante n\u00e9 per l&#8217;utente n\u00e9 per Mediaart Production Coop. Per [&hellip;]","og_url":"https:\/\/joederfilm.com\/impressum\/","og_site_name":"Joe der Film","article_modified_time":"2022-11-28T16:30:07+00:00","og_image":[{"width":1920,"height":1280,"url":"https:\/\/joederfilm.com\/wp-content\/uploads\/2022\/04\/0K2A0731.jpg","type":"image\/jpeg"}],"twitter_card":"summary_large_image","twitter_misc":{"Tempo di lettura stimato":"1 minuto"},"schema":{"@context":"https:\/\/schema.org","@graph":[{"@type":"WebPage","@id":"https:\/\/joederfilm.com\/impressum\/","url":"https:\/\/joederfilm.com\/impressum\/","name":"Note legali - Joe der Film","isPartOf":{"@id":"https:\/\/joederfilm.com\/#website"},"primaryImageOfPage":{"@id":"https:\/\/joederfilm.com\/impressum\/#primaryimage"},"image":{"@id":"https:\/\/joederfilm.com\/impressum\/#primaryimage"},"thumbnailUrl":"https:\/\/joederfilm.com\/wp-content\/uploads\/2022\/04\/0K2A0731.jpg","datePublished":"2022-04-15T10:02:30+00:00","dateModified":"2022-11-28T16:30:07+00:00","breadcrumb":{"@id":"https:\/\/joederfilm.com\/impressum\/#breadcrumb"},"inLanguage":"it-IT","potentialAction":[{"@type":"ReadAction","target":["https:\/\/joederfilm.com\/impressum\/"]}]},{"@type":"ImageObject","inLanguage":"it-IT","@id":"https:\/\/joederfilm.com\/impressum\/#primaryimage","url":"https:\/\/joederfilm.com\/wp-content\/uploads\/2022\/04\/0K2A0731.jpg","contentUrl":"https:\/\/joederfilm.com\/wp-content\/uploads\/2022\/04\/0K2A0731.jpg","width":1920,"height":1280},{"@type":"BreadcrumbList","@id":"https:\/\/joederfilm.com\/impressum\/#breadcrumb","itemListElement":[{"@type":"ListItem","position":1,"name":"Startseite","item":"https:\/\/joederfilm.com\/"},{"@type":"ListItem","position":2,"name":"Note legali"}]},{"@type":"WebSite","@id":"https:\/\/joederfilm.com\/#website","url":"https:\/\/joederfilm.com\/","name":"Joe der Film","description":"Darauf haben zahlreiche Fans in S\u00fcdtirol gewartet! Joe von Afing goes cinema!","publisher":{"@id":"https:\/\/joederfilm.com\/#organization"},"potentialAction":[{"@type":"SearchAction","target":{"@type":"EntryPoint","urlTemplate":"https:\/\/joederfilm.com\/?s={search_term_string}"},"query-input":{"@type":"PropertyValueSpecification","valueRequired":true,"valueName":"search_term_string"}}],"inLanguage":"it-IT"},{"@type":"Organization","@id":"https:\/\/joederfilm.com\/#organization","name":"Joe der Film","url":"https:\/\/joederfilm.com\/","logo":{"@type":"ImageObject","inLanguage":"it-IT","@id":"https:\/\/joederfilm.com\/#\/schema\/logo\/image\/","url":"https:\/\/joederfilm.com\/wp-content\/uploads\/2022\/04\/JOE_Logo_Zeichenfla\u0308che-1-Kopie-8.png","contentUrl":"https:\/\/joederfilm.com\/wp-content\/uploads\/2022\/04\/JOE_Logo_Zeichenfla\u0308che-1-Kopie-8.png","width":1522,"height":1302,"caption":"Joe der Film"},"image":{"@id":"https:\/\/joederfilm.com\/#\/schema\/logo\/image\/"}}]}},"_links":{"self":[{"href":"https:\/\/joederfilm.com\/it\/wp-json\/wp\/v2\/pages\/1491","targetHints":{"allow":["GET"]}}],"collection":[{"href":"https:\/\/joederfilm.com\/it\/wp-json\/wp\/v2\/pages"}],"about":[{"href":"https:\/\/joederfilm.com\/it\/wp-json\/wp\/v2\/types\/page"}],"author":[{"embeddable":true,"href":"https:\/\/joederfilm.com\/it\/wp-json\/wp\/v2\/users\/1"}],"replies":[{"embeddable":true,"href":"https:\/\/joederfilm.com\/it\/wp-json\/wp\/v2\/comments?post=1491"}],"version-history":[{"count":5,"href":"https:\/\/joederfilm.com\/it\/wp-json\/wp\/v2\/pages\/1491\/revisions"}],"predecessor-version":[{"id":1513,"href":"https:\/\/joederfilm.com\/it\/wp-json\/wp\/v2\/pages\/1491\/revisions\/1513"}],"wp:featuredmedia":[{"embeddable":true,"href":"https:\/\/joederfilm.com\/it\/wp-json\/wp\/v2\/media\/1402"}],"wp:attachment":[{"href":"https:\/\/joederfilm.com\/it\/wp-json\/wp\/v2\/media?parent=1491"}],"curies":[{"name":"wp","href":"https:\/\/api.w.org\/{rel}","templated":true}]}}

<div data-elementor-type="wp-page" data-elementor-id="1491" class="elementor elementor-1491 elementor-131" data-elementor-post-type="page">
						<section class="elementor-section elementor-top-section elementor-element elementor-element-0078535 elementor-section-boxed elementor-section-height-default elementor-section-height-default" data-id="0078535" data-element_type="section">
						<div class="elementor-container elementor-column-gap-default">
					<div class="elementor-column elementor-col-100 elementor-top-column elementor-element elementor-element-b743719" data-id="b743719" data-element_type="column">
			<div class="elementor-widget-wrap elementor-element-populated">
						<div class="elementor-element elementor-element-bbe1d28 elementor-widget elementor-widget-text-editor" data-id="bbe1d28" data-element_type="widget" data-widget_type="text-editor.default">
				<div class="elementor-widget-container">
									<strong>Mediaart Production Coop</strong><br>
Markus Frings<br>
Via Dante 28, 39100 Bolzano, Alto Adige &#8211; Italia<br>
<br>
P.Iva: 00765890215<br>
<br>
<strong>Editing online:</strong><br>
Ideazione, design, realizzazione e webmaster: <a href="https://freiundzeit.it">Frei &amp; Zeit, Brixen</a><br>
<br>
<strong>Contenuti:<br>
</strong>Le informazioni fornite in questa pagina hanno lo scopo di fornire una prima informazione, che non è vincolante né per l&#8217;utente né per Mediaart Production Coop. Per informazioni vincolanti, contattare i rispettivi fornitori.<br>
Tutti i contenuti del sito web sono compilati con cura e aggiornati a intervalli regolari. Tuttavia, possono verificarsi errori (ad esempio, guasti tecnici, falsificazioni da parte di terzi non autorizzati). Mediaart Production Coop non si assume pertanto alcuna responsabilità per l&#8217;esattezza, la completezza e l&#8217;attualità dei contenuti forniti dai rispettivi fornitori.								</div>
				</div>
					</div>
		</div>
					</div>
		</section>
				</div>

<p>Mediaart Production Coop Markus Frings Via Dante 28, 39100 Bolzano, Alto Adige &#8211; Italia P.Iva: 00765890215 Editing online: Ideazione, design, realizzazione e webmaster: Frei &amp; Zeit, Brixen Contenuti: Le informazioni fornite in questa pagina hanno lo scopo di fornire una prima informazione, che non è vincolante né per l&#8217;utente né per Mediaart Production Coop. Per [&hellip;]</p>

<!-- This site is optimized with the Yoast SEO plugin v25.7 - https://yoast.com/wordpress/plugins/seo/ -->
<title>Note legali - Joe der Film</title>
<meta name="robots" content="index, follow, max-snippet:-1, max-image-preview:large, max-video-preview:-1" />
<link rel="canonical" href="https://joederfilm.com/impressum/" />
<meta property="og:locale" content="it_IT" />
<meta property="og:type" content="article" />
<meta property="og:title" content="Note legali - Joe der Film" />
<meta property="og:description" content="Mediaart Production Coop Markus Frings Via Dante 28, 39100 Bolzano, Alto Adige &#8211; Italia P.Iva: 00765890215 Editing online: Ideazione, design, realizzazione e webmaster: Frei &amp; Zeit, Brixen Contenuti: Le informazioni fornite in questa pagina hanno lo scopo di fornire una prima informazione, che non è vincolante né per l&#8217;utente né per Mediaart Production Coop. Per [&hellip;]" />
<meta property="og:url" content="https://joederfilm.com/impressum/" />
<meta property="og:site_name" content="Joe der Film" />
<meta property="article:modified_time" content="2022-11-28T16:30:07+00:00" />
<meta property="og:image" content="https://joederfilm.com/wp-content/uploads/2022/04/0K2A0731.jpg" />
	<meta property="og:image:width" content="1920" />
	<meta property="og:image:height" content="1280" />
	<meta property="og:image:type" content="image/jpeg" />
<meta name="twitter:card" content="summary_large_image" />
<meta name="twitter:label1" content="Tempo di lettura stimato" />
	<meta name="twitter:data1" content="1 minuto" />
<script type="application/ld+json" class="yoast-schema-graph">{"@context":"https://schema.org","@graph":[{"@type":"WebPage","@id":"https://joederfilm.com/impressum/","url":"https://joederfilm.com/impressum/","name":"Note legali - Joe der Film","isPartOf":{"@id":"https://joederfilm.com/#website"},"primaryImageOfPage":{"@id":"https://joederfilm.com/impressum/#primaryimage"},"image":{"@id":"https://joederfilm.com/impressum/#primaryimage"},"thumbnailUrl":"https://joederfilm.com/wp-content/uploads/2022/04/0K2A0731.jpg","datePublished":"2022-04-15T10:02:30+00:00","dateModified":"2022-11-28T16:30:07+00:00","breadcrumb":{"@id":"https://joederfilm.com/impressum/#breadcrumb"},"inLanguage":"it-IT","potentialAction":[{"@type":"ReadAction","target":["https://joederfilm.com/impressum/"]}]},{"@type":"ImageObject","inLanguage":"it-IT","@id":"https://joederfilm.com/impressum/#primaryimage","url":"https://joederfilm.com/wp-content/uploads/2022/04/0K2A0731.jpg","contentUrl":"https://joederfilm.com/wp-content/uploads/2022/04/0K2A0731.jpg","width":1920,"height":1280},{"@type":"BreadcrumbList","@id":"https://joederfilm.com/impressum/#breadcrumb","itemListElement":[{"@type":"ListItem","position":1,"name":"Startseite","item":"https://joederfilm.com/"},{"@type":"ListItem","position":2,"name":"Note legali"}]},{"@type":"WebSite","@id":"https://joederfilm.com/#website","url":"https://joederfilm.com/","name":"Joe der Film","description":"Darauf haben zahlreiche Fans in Südtirol gewartet! Joe von Afing goes cinema!","publisher":{"@id":"https://joederfilm.com/#organization"},"potentialAction":[{"@type":"SearchAction","target":{"@type":"EntryPoint","urlTemplate":"https://joederfilm.com/?s={search_term_string}"},"query-input":{"@type":"PropertyValueSpecification","valueRequired":true,"valueName":"search_term_string"}}],"inLanguage":"it-IT"},{"@type":"Organization","@id":"https://joederfilm.com/#organization","name":"Joe der Film","url":"https://joederfilm.com/","logo":{"@type":"ImageObject","inLanguage":"it-IT","@id":"https://joederfilm.com/#/schema/logo/image/","url":"https://joederfilm.com/wp-content/uploads/2022/04/JOE_Logo_Zeichenfläche-1-Kopie-8.png","contentUrl":"https://joederfilm.com/wp-content/uploads/2022/04/JOE_Logo_Zeichenfläche-1-Kopie-8.png","width":1522,"height":1302,"caption":"Joe der Film"},"image":{"@id":"https://joederfilm.com/#/schema/logo/image/"}}]}</script>
<!-- / Yoast SEO plugin. -->

Mediaart Production Coop Markus Frings Via Dante 28, 39100 Bolzano, Alto Adige &#8211; Italia P.Iva: 00765890215 Editing online: Ideazione, design, realizzazione e webmaster: Frei &amp; Zeit, Brixen Contenuti: Le informazioni fornite in questa pagina hanno lo scopo di fornire una prima informazione, che non è vincolante né per l&#8217;utente né per Mediaart Production Coop. Per [&hellip;]

Darauf haben zahlreiche Fans in Südtirol gewartet! Joe von Afing goes cinema!
